 + 638*x. Is b(8) a prime number?
True
Suppose -q + 28*r + 55615 = 24*r, 5*q = -2*r + 278097. Is q a composite number?
False
Suppose -4*f - 2*p = -532530, 2*f + 8*p = 5*p + 266255. Is f composite?
True
Let u(w) = 8*w**3 + 13*w**2 + 2*w - 3. Let b be u(-1). Let h(o) = -3*o + o**3 + o**2 - 2*o**3 + 604 + 97. Is h(b) prime?
True
Let k(f) = 2*f**2 - f - 4. Let q be k(2). Suppose 4 = -p, q*p + 562 = -5*s + 3*s. Let z = 468 + s. Is z a composite number?
False
Let m(u) = -u**3 + 25*u**2 + 26*u + 42. Let r be m(22). Suppose -3*w + 8254 = 4*k - 7249, -k + 5 = 0. Let c = w - r. Is c composite?
True
Suppose 2*m = -4*i + 108426, 14*i = 3*m + 13*i - 162653. Is m composite?
False
Suppose r = 7*q - 2*q - 50064, -q + 10004 = 2*r. Suppose -4*o + q = 4*a, 0*a = 4*a. Is o a composite number?
False
Let g be (-6864)/(-9) + (-45)/27. Let l = g - 268. Is l a prime number?
False
Is (2 - 10/4)/(1236436/(-206072) - -6) composite?
False
Suppose 5*v + 0*k - k - 41 = 0, 0 = -3*v - 2*k + 22. Suppose 5*p - p - v = 0. Is (-1473 - -2)/(p/(-2)) a composite number?
False
Suppose 34*a - 4051950 - 103709 = 258255. Is a a prime number?
False
Let z(j) = 2*j**2 - 15*j - 27. Let s be z(11). Let w = s - 53. Is 1461*((-4)/w)/4 prime?
True
Suppose -5*m = 455*k - 454*k - 21349, 0 = 5*m - 5*k - 21385. Is m composite?
False
Suppose -3*i + 553750 = 2*k, i - k = 3*i - 369165. Suppose -j = 19*j - i. Is j a prime number?
False
Let g(r) = -r**2 - 12*r - 59. Let p be g(-18). Let b = p - -358. Is b prime?
True
Suppose -4*u - 3*x + 197364 + 214202 = 0, 0 = -u + 3*x + 102899. Is u a composite number?
True
Is 149116 + 109 + 12/(-2) a composite number?
True
Suppose 0 = -19*q + 11*q. Suppose -4*w + 4499 = -5*d - 22327, q = -3*w - 2*d + 20131. Is w prime?
True
Is (-3)/10 + 652551029/130 a prime number?
False
Let f be 111/39 + 2 + 2/13. Let j(s) = 499*s - 31. Let z(h) = -249*h + 16. Let r(i) = 3*j(i) + 5*z(i). Is r(f) a composite number?
True
Let z = -117 + 99. Is -5*z/(-15) + 4553 a prime number?
True
Suppose -2*m = -4 - 4. Suppose -2*v = 3*a - 30 + 8, -3*a = -m*v + 8. Suppose -5*k - 9245 = -v*y, 7394 = 4*y - 4*k + k. Is y composite?
False
Suppose -2770 = -5*u + 7160. Let s(z) = -z**2 + 16*z + 39. Let a be s(18). Suppose 5*c - a*c - 1992 = -5*x, -u = -2*c - 2*x. Is c prime?
True
Let r(i) = 7*i**2 - 4*i + 4. Let h be r(4). Suppose q - 4*j - 281 + 44 = 0, 3*q = -5*j + 762. Let z = q - h. Is z a composite number?
False
Let r be (-8)/(60/336*(-2)/25). Let h be 0/2 + 3 + r. Suppose -3*c + 4*c = h. Is c a prime number?
True
Let v = -1028 + 1698. Let z = -96 - -172. Let i = v + z. Is i prime?
False
Is (((-7)/35)/(32/(-3520)))/((-2)/(-221807)) a prime number?
False
Let z(d) = d + 1727. Let w be (-6)/36 - 3/(-18). Let x be z(w). Let f = -956 + x. Is f composite?
True
Suppose -69*f = -77*f + 20760. Let j = 14 + f. Is j a composite number?
False
Let l(y) = 20*y**2 + 4*y + 1. Let c = -31 + 35. Suppose 3*i - i + 2*a - 14 = 0, -22 = -c*i - a. Is l(i) composite?
False
Suppose p - 3*d - 15 = 0, 3 + 0 = d. Suppose -p = 3*m - 7*m. Let n(v) = 3*v**3 - 8*v**2 - 2*v + 7. Is n(m) a prime number?
False
Is (-99)/891*(-293121)/1 a composite number?
False
Suppose -6*v - 309 - 39 = 0. Let n = v + 55. Is 15 + (2/n)/((-1)/(-3)) prime?
True
Let f = 105 - 103. Suppose f*z - 3*r = 7, 0 = 2*z - 0*r - 5*r - 13. Is 13/(-1)*29/z composite?
True
Let d = 108 - 75. Let l = -29 + d. Is (2/l*157)/((-7)/(-42)) composite?
True
Suppose -10*s + 33*s - 1138109 = 789636. Is s prime?
False
Let x = -3757 + -800. Let o = x + 7624. Is o a composite number?
False
Let h = -40680 + 75719. Is h a prime number?
False
Let q(i) = i**2 - 60*i - 26. Let f(t) = -4*t**2 + 60*t + 25. Let k(p) = -3*f(p) - 2*q(p). Is k(-14) a prime number?
True
Let n be ((-6)/(-14))/((-3)/(-14)). Suppose n*l - 682 = 4*x, -5*l = -x - 2*x - 1691. Is l composite?
False
Is (22/(-33))/((-9)/(18676413/6)) prime?
False
Let b = 132 + -246. Let f = b + 263. Is f prime?
True
Let h = 1613290 - 814809. Is h prime?
True
Let v(c) = -c**3 - c**2 - 2*c - 1. Let n be v(-2). Let s be (0 + (-1 - n))*-47. Suppose -2*b + s = 5*k + b, -2*k + 139 = 5*b. Is k prime?
False
Let p(n) = n + 23. Let g be p(5). Let b be (g/(-5))/(2/(-5)). Suppose -10*j - 7276 = -b*j. Is j composite?
True
Let x(v) = 19*v**3 - v**2 + 5*v - 8. Let s be x(4). Suppose -26*w + s = -22*w. Let q = w + -208. Is q a prime number?
False
Let x be 222/36 + -6 + 63285/18. Suppose 0 = 2*n - 14*n + x. Is n prime?
True
Suppose -14*h + 148 = 23*h. Suppose 9784 = h*i + 4*g, 14*g - 4901 = -2*i + 9*g. Is i a composite number?
True
Suppose 0 = 2*r - 0*r - 12162. Suppose -522 = 6*o + 4170. Let t = o + r. Is t composite?
True
Let c = -25169 - -48162. Suppose -2*q + 3*q = c. Is q prime?
True
Let l = 203 - 196. Suppose 5*j + 2922 = l*j - 5*n, 4*j = -4*n + 5872. Is j a prime number?
False
Let l be ((-3)/12*-1)/(8/160). Suppose 34*o - 39*o = -l*i + 275, 185 = 3*i + 2*o. Is i composite?
False
Let k = -103 + 270. Let r(q) = -361*q**3 - 1 - 492*q**3 + k*q**3 - 370*q**3. Is r(-1) a prime number?
False
Let p(t) = 2070*t**3 + 2*t**2 - 2*t. Let g be (8/12)/(6/9). Let w be p(g). Suppose 1877 = a - w. Is a composite?
False
Let m = 2395624 + -1703753. Is m prime?
True
Let y = 30635 + 156828. Is y composite?
False
Let y(r) = -26*r + 885. Let u be y(0). Is u - 8*(-1)/2 composite?
True
Let a(k) be the third derivative of -101*k**6/30 + 3*k**5/20 + k**4/4 + k**3/3 - 7*k**2 - 2*k. Is a(-3) a composite number?
False
Is 3/(17/((-16416084)/(-36))) a prime number?
True
Suppose t - 5150 = 3*x, -3*x - 6584 = -3*t - 1442. Let s = 813 + x. Is (-3)/1 + (0 - (s + -3)) a composite number?
True
Let z be -4 + (7 - -3 - -7). Suppose -3*r = l - 19646, -z*l + 14*l - 19666 = r. Is l composite?
False
Let n(j) = -3*j + 21*j + 2*j**3 + 48*j**2 + 30 - 11*j**2. Let x be n(-18). Let t = x + -9. Is t a composite number?
True
Let l(k) = 5025*k - 2351. Is l(14) prime?
False
Is 66687/(11*3/11) composite?
False
Is (-34 - -12) + (-2411289)/(-9) composite?
False
Let j be (9/(-6))/((-2)/(-4)). Let m be 5 + (-8)/2 - j. Suppose -190 - 87 = -3*p + 4*g, -2*g + m = 0. Is p a composite number?
True
Suppose -5691 = -5*l + 2*h, 3*l = -5*h + 2*h + 3402. Let m = l + -38. Is m prime?
False
Suppose 3*l - 4*l - 2*c + 93 = 0, -3*c + 186 = 2*l. Let q = l + 4178. Is q a composite number?
False
Let o be 0/((1 - -4) + -1). Suppose 0 = 3*t, -2*s + 5*t - 2*t + 340 = o. Let u = s + -15. Is u composite?
True
Suppose 4*f = 2*f - 34. Let z = 19 + f. Suppose -z*m = -2102 + 676. Is m a prime number?
False
Suppose 91297 = -65*z + 618468 + 1741784. Is z composite?
True
Suppose 22*x - 246 = 84. Suppose -21*g = -x*g - 19230. Is g a composite number?
True
Suppose -13*d = 64*d + 32 - 186. Let g be (-577)/(-1 + 2/4). Suppose 3*x - d*x + q = 1150, -x + 3*q + g = 0. Is x composite?
False
Suppose 75*t - 5*c = 76*t - 579269, -2*c + 579251 = t. Is t composite?
False
Suppose 10*t + 95642 = -136558. Let d = 33091 + t. Is d a prime number?
True
Let b(f) = -f**3 + 2*f**2 + 8*f - 1. Let x be b(-3). Let p be (2/(-8))/(x/(-15280)). Suppose 0 = -2*i + p - 1. Is i a prime number?
False
Suppose -3*u - 5*x = -86, -2*u + 3*x = 3*u - 98. Suppose -t - 3*r + u = 0, 5*r + 2 = t + 12. Is 26/1*905/t composite?
True
Let z = -4 + 0. Let n(s) = 115*s**2 + 11 + 2 + 9*s + 23*s**2 - 33*s**2. Is n(z) a prime number?
True
Let x(i) = 501*i + 4. Suppose -4*a = -z + 11, -5*a + 21 = -9*a - z. Let v(q) = -q**3 - 4*q**2 - q - 3. Let k be v(a). Is x(k) composite?
True
Let k(r) = r**3 + 11*r**2 - 13*r - 14. Suppose x + 2 + 10 = 0. Let t be k(x). Is -94*14/8*t a prime number?
False
Let q be 1 + (-4)/3 - (-11689)/3. Suppose -2*h + 7691 = w - 108, -h + 3*w = -q. Is h a composite number?
True
Let k(s) = s**2 + 3*s - 24. Suppose 5*b + 9 = 2*j - 5*j, 3*b = 4*j + 41. Let t be k(j). Let a(x) = x**3 - 15*x**2 - 4*x + 7. Is a(t) prime?
True
Let v be ((-174)/(-10))/((-21)/(-78855)). Is ((-10)/30)/((-1)/v) composite?
True
Let j(x) = 2*x**2 + 11*x + 27. Let l be j(-6). Is ((-449)/4)/(l/(-132)) a prime number?
True
Suppose h - 9 = -5*u, 6*u - u = 15. Let z(a) = -4*a**3 + 4*a**2 - 4*a - 14. Is z(h) a composite number?
True
Let a = 11857 - 5737. Suppose -5*c + 22120 = a. Suppose 2*o - 1122 - c = 0. Is o prime?
True
Suppose 1217294 - 3180189 - 2832520 = -5*n. Is n a prime number?
Tru